28*i + 904. What is k(-140)?
-776
Let y(t) = 31*t**3 - 448*t**2 + 1174*t + 21. Calculate y(11).
-12
Let z(l) = l**3 - 3240*l**2 - 164. Determine z(0).
-164
Let n(q) = -q**3 + 33*q**2 + 216*q - 3074. What is n(36)?
814
Let a(v) = 9385*v - 384610. Calculate a(41).
175
Let p(f) = 20*f - 1553. Give p(102).
487
Let o(g) = 11457*g + 137462. Calculate o(-12).
-22
Let c(r) = -4*r**2 - 795*r + 77884. Determine c(72).
-92
Let m(f) = 603*f + 29293. Calculate m(-49).
-254
Let p(n) = 262*n + 107040. Give p(-410).
-380
Let j(n) = n**3 - 761*n**2 + 2964*n + 48472. What is j(757)?
24
Let b(z) = 2*z**3 + 96*z**2 + 1145*z - 86. Give b(-24).
82
Let p(k) = -10*k**3 + 111*k**2 - 150*k - 6. Calculate p(10).
-406
Let g(v) = -v**2 + 48087*v + 817778. What is g(-17)?
10
Let w(r) = r**3 - 19*r**2 - 28*r + 573. What is w(19)?
41
Let w(c) = c**3 + 10*c**2 - 239*c + 11. What is w(-21)?
179
Let p(b) = -4357*b + 187372. Give p(43).
21
Let x(s) = 3*s**3 - 110*s**2 - 53*s - 3800. Give x(38).
-38
Let n(k) = -27197*k + 815904. Calculate n(30).
-6
Let t(k) = -7065*k - 395662. Determine t(-56).
-22
Let a(b) = b**3 + 184*b**2 - 1125*b + 2862. Calculate a(-190).
12
Let z(a) = -3*a**2 + 311*a + 1164. Give z(106).
422
Let k(s) = 3*s**2 - 1913*s + 225093. Determine k(482).
-1
Let z(v) = -v**2 - 51*v - 242. Give z(-7).
66
Let b(s) = -4738*s - 24846. Determine b(-5).
-1156
Let h(m) = -369*m**2 + 566*m + 342. Determine h(2).
-2
Let f(b) = -3208*b - 32185. Calculate f(-10).
-105
Let b(m) = 2*m**3 - 494*m**2 - 31*m + 7663. Calculate b(247).
6
Let g(i) = i**3 + 24*i**2 + 138*i + 449. Give g(-14).
477
Let a(c) = -15*c + 1923. Determine a(32).
1443
Let k(h) = -38*h**2 - 839*h - 40. Determine k(-22).
26
Let t(q) = -566*q - 124793. Calculate t(-219).
-839
Let r(g) = -256*g - 37173. Determine r(-145).
-53
Let p(d) = 48410*d + 2614085. What is p(-54)?
-55
Let y(p) = p**3 + 2981*p**2 - 29902*p - 72. Calculate y(10).
8
Let n(a) = -13282*a - 1447716. Calculate n(-109).
22
Let z(x) = 7*x**3 + 371*x**2 + 18*x + 1152. Determine z(-53).
198
Let o(c) = -146*c**2 - 7092*c - 143. What is o(-49)?
-3181
Let c(j) = -25*j**3 + 298*j**2 - 297*j - 3. What is c(1)?
-27
Let l(j) = j**3 + 864*j**2 + 13018*j + 240277. What is l(-849)?
10
Let t(l) = -15063*l + 60264. What is t(4)?
12
Let j(o) = -2*o**3 + 67*o**2 + 1606*o + 127. Determine j(49).
4390
Let b(u) = 32367*u - 226613. Determine b(7).
-44
Let c(s) = 9*s**3 - 65*s**2 - 8858*s + 62097. Calculate c(7).
-7
Let w(n) = n**3 - 50*n**2 + 99*n - 1308. What is w(49)?
1142
Let z(i) = 15*i**3 + 20*i**2 + 151*i + 254. Give z(-3).
-424
Let b(s) = -s**3 + 420*s**2 - 3772*s + 16. Determine b(9).
-641
Let d(g) = -5*g**2 - 425*g + 5880. Calculate d(13).
-490
Let b(j) = -502*j + 13449. Give b(20).
3409
Let c(b) = 81706*b - 21. Give c(0).
-21
Let l(c) = -c**3 - 48*c**2 - 335*c + 5802. Determine l(-24).
18
Let s(n) = -n**2 + 506*n - 62793. Determine s(212).
-465
Let d(p) = 4*p**3 - 39*p**2 - 277*p - 575. What is d(15)?
-5
Let t(d) = -2*d**2 - 23955*d - 1050152. Give t(-44).
-4
Let k(l) = l**3 + 17*l**2 + 637*l + 12835. What is k(-19)?
10
Let d(r) = -367*r - 82269. Give d(-223).
-428
Let d(a) = 5718*a - 4105484. Give d(718).
40
Let u(o) = 7171*o - 803156. What is u(112)?
-4
Let o(a) = -38177*a - 1259833. Give o(-33).
8
Let u(s) = s**3 + 20*s**2 - 15*s + 2108. Determine u(-24).
164
Let a(v) = -342*v**2 - 6152*v + 82. What is a(-18)?
10
Let z(x) = -x**2 - 125*x + 4671. Give z(37).
-1323
Let h(z) = -22*z**3 + 65*z**2 + 47*z + 4. Calculate h(4).
-176
Let u(o) = o**3 + 11*o**2 + 263*o + 958. What is u(-4)?
18
Let c(u) = 1698*u + 251321. Calculate c(-148).
17
Let o(k) = -k**3 + 156*k**2 - 352*k + 6735. What is o(154)?
-41
Let q(v) = -3*v**3 + 263*v**2 - 361*v - 5993. Give q(86).
-59
Let h(u) = u**3 + 117*u**2 - 76*u - 24945. Determine h(-116).
-2673
Let m(x) = -2*x**3 - 17*x**2 + 738*x - 529. Give m(15).
-34
Let s(w) = -3*w**3 - 24*w**2 - 61*w - 8. What is s(-7)?
272
Let z(r) = 3*r**2 + 474*r - 3841. Give z(8).
143
Let j(k) = -2322*k - 67373. Determine j(-29).
-35
Let y(b) = 2*b**3 - 87*b**2 - 11928*b - 595. What is y(102)?
17
Let t(g) = -266*g + 3693. Give t(14).
-31
Let f(i) = -96*i**2 - 34*i + 276. Calculate f(7).
-4666
Let p(x) = 543*x**3 + 2*x**2 + 17*x - 20. Calculate p(1).
542
Let u(s) = s**3 + 113*s**2 - 481*s + 22. What is u(4)?
-30
Let u(h) = -83160*h - 997929. What is u(-12)?
-9
Let j(t) = -25214*t - 680789. What is j(-27)?
-11
Let a(d) = -2*d**2 - 117*d - 1393. Calculate a(-18).
65
Let h(c) = -2*c**3 - 63*c**2 + 145*c + 3623. Determine h(-32).
7
Let d(m) = 7*m**2 + 314*m - 7817. Determine d(21).
1864
Let j(a) = -2*a**2 - 362*a + 6909. Give j(-198).
177
Let c(q) = -141*q**3 - 1559*q**2 - 70*q + 7. Calculate c(-11).
-191
Let f(n) = 28155*n + 4842655. Determine f(-172).
-5
Let b(d) = 333*d**2 - 20615*d - 1908. What is b(62)?
14
Let c(l) = l**3 + 58*l**2 + 204*l + 2014. What is c(-55)?
-131
Let f(b) = 2*b**3 - 82*b**2 - 358*b + 23. Give f(-4).
15
Let l(a) = -44579*a + 5349476. Calculate l(120).
-4
Let l(p) = 4*p**2 - 10*p + 14. Determine l(-10).
514
Let t(a) = a**3 + 62*a**2 - 274*a + 239. Give t(-66).
899
Let h(k) = -335*k - 6044. Give h(-18).
-14
Let z(g) = 6317*g - 101415. What is z(16)?
-343
Let k(c) = -2*c**3 + 67*c**2 - 183*c + 4. Give k(3).
4
Let z(i) = 2*i**3 - 169*i**2 + 74*i - 740. Determine z(84).
-1580
Let o(w) = -2682*w - 80548. What is o(-30)?
-88
Let s(x) = x**3 - 759*x**2 + 686*x + 54592. Give s(758).
16
Let t(g) = 513*g - 60101. Determine t(117).
-80
Let q(w) = 59*w**3 - 6*w**2 - 1414*w - 1410. Calculate q(-1).
-61
Let u(w) = 3370952*w - 16854745. What is u(5)?
15
Let i(b) = 202*b**2 + 7*b + 61. What is i(-2)?
855
Let d(x) = -650*x + 14213. Calculate d(22).
-87
Let z(h) = 83*h - 42229. What is z(509)?
18
Let g(v) = -30*v**2 - 31385*v + 26165. Give g(-1047).
-10
Let y(j) = -8*j**2 + 430*j - 4024. What is y(42)?
-76
Let t(g) = -15*g**2 - 20*g + 2670. Determine t(-14).
10
Let l(m) = 2*m**3 - 81*m**2 - 444*m + 47. Determine l(-5).
-8
Let z(f) = -2164*f + 729229. What is z(337)?
-39
Let s(g) = 4874*g - 14783. Calculate s(3).
-161
Let r(k) = k**2 - 1530*k + 573702. Calculate r(658).
-74
Let k(l) = 2*l**3 + 23*l**2 + 3974*l + 43595. Give k(-11).
2
Let r(f) = 4*f**2 - 1121*f + 8014. What is r(273)?
97
Let o(n) = -18*n**2 - 34*n + 121. Give o(3).
-143
Let n(j) = -476140*j - 3809109. Determine n(-8).
11
Let m(z) = 32*z**3 + 151*z**2 - 84*z - 200. Calculate m(-5).
-5
Let c(x) = 193*x**2 - 116*x + 103. What is c(3)?
1492
Let s(n) = -38*n**2 + 145*n + 373. Give s(-3).
-404
Let r(b) = 117*b**2 + 5606*b - 316. Determine r(-48).
164
Let n(u) = 448*u**2 - 2612*u - 11. What is n(6)?
445
Let i(c) = 150*c**2 + 367954*c + 9802. What is i(-2453)?
-10
Let i(r) = -3*r**2 - 2359*r - 455710. Calculate i(-445).
-30
Let m(z) = z**3 + 184*z**2 - 7498*z + 32348. What is m(30)?
8
Let v(q) = 5*q**3 - 3*q**2 + 22*q - 13. Determine v(3).
161
Let k(z) = z**3 - 26*z**2 + 177*z - 19. Give k(8).
245
Let l(d) = -4*d**3 + 4*d**2 + 356*d + 2211. What is l(-6)?
1083
Let b(x) = -57*x**2 + 289*x - 860. Determine b(3).
-506
Let q(x) = -40*x**2 - 409*x - 10. What is q(-10)?
80
Let d(v) = 2396*v + 1058898. Calculate d(-442).
-134
Let u(c) = 251*c**3 + 8*c**2 - 83*c + 74. Determine u(1).
250
Let n(k) = -6*k**3 + 70*k**2 + 22*k - 44. What is n(12)?
-68
Let i(r) = r**2 + 19660*r - 98321. Calculate i(5).
4
Let x(r) = 51*r - 603. What is x(16)?
213
Let k(u) = 50*u**2 + 1126*u - 51. What is k(-25)?
3049
Let a(l) = 13201*l + 92422. Determine a(-7).
15
Let w(q) = -10*q**2 + 394*q + 2222. What is w(-5)?
2
Let k(o) = -2*o**3 - 339*o**2 - 1164*o - 328. Calculate k(-166).
4
Let q(p) = -2*p**3 - 45*p**2 - 11*p - 763. Give q(-23).
19
Let b(p) = 207597*p - 5397517. What is b(26)?
5
Let y(s) = 3270*s + 5408542. Calculate y(-1654).
-38
Let i(r) = -r**3 + 5*r**2 - 374*r + 2664. Calculate i(7).
-52
Let a(g) = -4972*g + 293346. Give a(59).
-2
Let m(d) = -d**2 + 231*d + 31794. Calculate m(-97).
-22
Let s(g) = 12*g**3 + 10*g**2 - 31*g - 48. Give s(-5).
-1143
Let d(m) = 34*m**2 + 885*m - 29. What is d(-21)?
-3620
Let x(u) = 5134*u**3 - 7*u**2 + 92*u + 92. Determine x(-1).
-5141
Let i(g) = -g**2 - 300*g - 6805. Calculate i(-25).
70
Let v(n) = n**3 - 467*n**2 - 1410*n + 5. Calculate v(470).
5
Let p(d) = -266*d + 2460. Calculat